 + 5)?
7
What is the value of (-200 - -278) + -12 + 3 + -2?
67
What is (19 - 70) + (-8 - -2) + -2 + (1 - -4)?
-54
Calculate 2 + (-24 + -7 - -12).
-17
Calculate (-13 - (11 - 5)) + (-30 - -34) + 4.
-11
What is the value of 4 - 10 - ((-53 + 1 - -3) + 30 + -29)?
42
What is the value of 1 + (-734 - -733) + 21 + -1 + 1?
21
Calculate 5 + 2 - (-62 + 74) - (-8 + 14).
-11
What is the value of (1 - (92 - 77)) + -75?
-89
Evaluate -14 + 22 + -2 + -16 + -9.
-19
What is the value of 1 - (60 - -32) - -188?
97
Calculate 38 + -7 + -9 + 25 + -4 - (21 + -23).
45
(-229 - -251) + (-50 - -4)
-24
Evaluate 3 + 83 - 2 - (-25 + (-32 - -36) - -20).
85
What is the value of -53 + -67 + 54 + -1 + 24?
-43
Evaluate 26 - -1 - (-90 + -69 + 72).
114
(-43 - (-1 + -1)) + -1033 + 1030
-44
Evaluate -96 + 1 - (-187 + 262 + -72).
-98
10 + -14 + 2 + (-58 - -61) + 22
23
What is -23 + (-6 - 28) + 27 + 5 + (-20 - 1)?
-46
Evaluate (274 - 262) + 1 + -1 + -1.
11
What is the value of 7 - ((46 - 69) + (1 - 14) - (1 + -7))?
37
What is the value of (-25 + (-4 - 4) + 19 - 6) + -8 + 19?
-9
What is 213 + -156 - (81 + -13)?
-11
11 + (34 - -2) + -22 + (8 - -2) + -2
33
What is -5 + (6 - -1 - (8 + -14 + -12 + 15))?
5
What is the value of 18 - (33 + (25 - 48) + 17)?
-9
Evaluate (-339 - -334) + 0 + 4 + -7 + -56.
-64
1295 + -1333 + (2 - (34 - 6))
-64
What is (2 - (0 - 1)) + 0 + (124 - (-279 - -395))?
11
Calculate (11 + 5 + -11 - 3) + 10 + -15 + -83.
-86
Evaluate (-5 - (83 - -7 - 5)) + 363 + -369.
-96
(7 - -1) + 153 + -180
-19
Calculate (11 - 52) + (-22 - (1 + 6)).
-70
What is the value of -33 + (103 - 26 - 30)?
14
Calculate -3 + (-34 - (-58 - -22)) - -90.
89
Calculate -50 - -62 - (1 + (2 - -1) + -3).
11
Evaluate -83 + 288 + -170 + (-6 - 0).
29
(2 - (-36 - 0)) + -26 + 28 - (0 - 0)
40
(-371 - -327) + (-8 + 4 - -2 - 2)
-48
6 + (-9 - (108 - (1 - -4))) - (10 + -15)
-101
Evaluate -67 + 11 + 15 + -2 + -2.
-45
Calculate 0 - (86 + -8 + (-131 - -94)).
-41
Calculate -12 + -11 + (-10 - (2 - -13)) + 2.
-46
What is 25 - -3 - 1 - -2?
29
Evaluate -19 - (27 + -10) - (-19 - -17 - (-1 + 1)).
-34
What is the value of -52 + 113 + -67 - (1 - 1 - -22)?
-28
-2 + -1 + 19 + (15 - (-6 + 11))
26
What is the value of -14 + 76 + -83 - 23?
-44
Evaluate 174 + -178 - (5 - (4 - (4 + -2)) - -2).
-9
Evaluate 184 + (94 - 174) + -92.
12
Evaluate (-154 - 98 - -133) + 148.
29
44 + (4 + 0 - (-3 + (-54 - -74)))
31
-62 + (-45 + 45 - (-3 - 12 - (1 - 6)))
-52
Evaluate -4 + -1 + (39 - -65 - 38) - -8 - 6.
63
Evaluate -175 + 181 + (1 - 3) + 13.
17
What is 2 - 9 - (142 - 229)?
80
Evaluate -80 + 15 + 42 + 109 + 0.
86
(-80 - -39) + 82 + -134 - 5
-98
What is the value of (-90 + -19 + 49 - -17) + (-1 - 2 - -4)?
-42
What is 152 - 120 - (-2 + 26 - 6) - -59?
73
Calculate 4 + 3 - (-449 + 484).
-28
What is (-1 - 24) + -2 + 8853 + -8829?
-3
What is the value of (4 - (-34 - 0)) + (10 + -5 + -6 - 10)?
27
What is the value of -10 - (5 + (-20 - -19) - -15)?
-29
What is (-74 - -24) + 153 - 5?
98
46 + 55 + -23 + -22
56
What is the value of (46 - -1) + (3594 - 3703)?
-62
-16 - (0 + -32) - (-111 - -2 - (-12 + 7))
120
Evaluate 2 + 58 + (-313 - -225).
-28
What is the value of (-24 - (-96 - -47)) + (0 - 13)?
12
56 - ((-53 - -21) + 52)
36
What is -125 - (15 + -5 + -56 + 24) - 13?
-116
Evaluate -7055 - -6983 - (-8 + -1).
-63
What is -58 - (-21 + 18 - (-5 + 8))?
-52
Calculate 97 - 2 - (-17 + 77 + -30).
65
Evaluate (0 - 3) + (122 - (19 - -88)).
12
Calculate -11 - (-19 - (19 + (13 - 49))).
-9
Evaluate -90 + (118 - (48 - 5)) + -34.
-49
What is 37 + 17 + -15 + 13 + -20?
32
Calculate 0 + 3 + (-15 + 0 + 2 - (844 + -843)).
-11
What is the value of (5 - (10 + 1 - -1) - -1) + (362 - 370)?
-14
What is (113 - 124) + (26 + (11 - -3) - (1 + -1))?
29
What is the value of (-72 - (-76 + 50)) + -10?
-56
-27 - (19 + -56) - (-12 - -6)
16
What is (-5 - -2) + 36 + (-74 - -2) + -12 + 0?
-51
What is the value of (68 - (42 - -78)) + (-1 - ((0 - 0) + 2))?
-55
Calculate 49 + -30 + (-44 - -31 - -43).
49
-53 - ((-5 - -1) + -30 + (34 - 6))
-47
54 + -21 + 31 + -30 + -30
4
Calculate 3 + -1 + 24 + 605 + -593.
38
Calculate -30 + 136 - 43 - 61.
2
What is the value of 0 + 29 - (-16 - (0 - 5) - (-23 - -18))?
35
2 + -1 - -24 - (105 + -67 + 70)
-83
What is the value of 16 + (-16 + -8 + -5 - -63)?
50
(-6 - -22) + (54 - 57 - 19)
-6
(-13 - 1 - -5) + 15 - (-50 - -67)
-11
Evaluate 25 + (119 - (4 + 3 + -1 - 6)).
144
Evaluate (153 - 154) + 2 + -18 + -3.
-20
What is -3 - 25 - 22 - -6?
-44
Evaluate -18 + -1 - (-59 + 71 - -100 - 54).
-77
What is 17 - (22 - 42 - ((-17 - -4) + 71))?
95
141 + -68 + 39 + -23
89
What is the value of 26 + -22 + 12 + -9 + (1 - -4)?
12
11 + (5 - -10) + -11 + -5 - (-2 + 7)
5
What is the value of -12 - ((1 - 1 - 13) + 1820 + -1800)?
-19
-20 + 49 - -20 - ((0 + -5 - 0) + -5)
59
What is 86 - (0 - 11 - (-97 - -76))?
76
Evaluate (-78 - (72 - 36)) + 4 + 39.
-71
Evaluate (58 - (38 + 7) - (24 - 2)) + 1 + -40.
-48
What is the value of -55 + (-119 + 4 - -134)?
-36
Evaluate 120 + -101 + (-25 - 52).
-58
74 + -35 + 1 + 6 + 11 - 8
49
(34 + -10 - -1) + 24 - -7
56
What is -79 - (56 - (150 - 35))?
-20
Calculate (18 + -19 - 5 - (-9 - -1 - -1)) + -6.
-5
What is -8 - (-39 + 9 + (1 - 23) + 4 + 3)?
37
-64 - (1 + -9 - (-4 + 31 - 21))
-50
What is the value of (0 - -69) + (28 - (48 - (54 - 35)))?
68
Evaluate 31 + (19 - 3 - (172 - 181)).
56
Calculate 105 - 2 - ((-2 + 32 - (-7 - -13)) + -36).
115
What is 22 + (-7 - 1) + -7 - (69 - (-3 + 1))?
-64
Evaluate (21 - (15 - 5)) + (20 - 15).
16
What is -1 + (6 + -20 - (-30 + 50 - -2))?
-37
Calculate (-49 - 5) + 50 + -14.
-18
(2 - 23) + 204 + -131 + 20
72
Calculate (13 - -17 - -5) + -35 + 0 + 51.
51
Evaluate 20 - -4 - ((-10 - -178) + -46) - (13 + -2).
-109
Calculate 43 - (4 - (7 + (-1 - -9 - 12))).
42
What is the value of 44 + 2 + -6 - (-8 + 31 + -16)?
33
Evaluate -72 + 1 - (0 + -1) - (-833 - -300 - -541).
-78
What is the value of 122 - (-80 - (-75 + -5))?
122
What is 4373 + -4369 - (-3 + (-22 + -2 - -2 - -3))?
26
What is 23 + -16 + -3 + -3 + (305 - 409)?
-103
Evaluate 79 - (-70 - (-42 + -115)).
-8
0 + -2 - -6 - ((112 - 33) + -45)
-30
Evaluate (-48 - -2) + 147 + -273 + 102.
-70
What is -23 - (3 - -7 - (10 + 18))?
-5
What is 17 - (-47 + 29 - (1 - 2))?
34
What is the value of -12 + (-12 - ((-12 + 8 - 0) + 19))?
-39
Calculate 51 - 27 - (14 + -21 - 15).
46
Calculate (68 - 61) + (-42 - 8) + (-1 - -5).
-39
Evaluate (-36 - -1) + (5201 - 5120).
46
What is the value of 26 - (-23 + 32 + 1)?
16
Evaluate -64 + 84 + (-15 - -28) + 48.
81
What is the value of 50 - (-73 + 74 + -1 + 9)?
41
What is the value of -262 + 186 + -28 - (1 + -40)?
-65
Evaluate -125 + (113 - -63) - (-4 - -1).
54
What is -34 + (5 + -12 - -4) - (-38 + 33)?
-32
What is the value of 1 - ((10 - 6) + -6 + (35 - 1) + 5)?
-36
62 + (-31 - (-18 - (25 + -22))) + (13 - 1)
64
What is 4 - ((-49 - -58) + -22)?
17
Evaluate 16 + (1 - 2 - 82) + -1768 + 1767.
-68
What is (-20 - -27) + (-10 + (-25 - -7) - -9)?
-12
Calculate -1 + 1 + 128 - (112 + (-23 - 76)).
115
-5 + (-5 + -1 - 5 - (-3 + (14 - -1)))
-28
(18 + -10 - (22 + -12)) + 26 + 2
26
Calculate -14 + (31 - 69) - -5.
-47
What is 125 + -178 - (-101 - -13)?
35
What is 97 + 143 + -237 - (1 - 1 - -43)?
-40
Evaluate -10 + (16 - 28) + 10 + -20.
-32
Calculate -67 - (-8 + 6 + (-8 + 0 - 4)).
-53
What is the value of -5 + -3 + (16 + 33 - 37)?
4
Calculate -7 - -1 - (-43 - 1 - -47 - 54).
45
396 + -464 + 34 + 0
-34
What is the value of 2 - (-25 - -18) - 19 - (-42 - 2)?
34
(-123 - -5 - 30) + 101
-47
Evaluate -24 - 1 - (25 + -27 - (-4 - -10 - 4)).
-21
What is the value of 193 + (-148 - -95) - 168?
-28
What is the value of (-14 - -9 - -14) + 21 - 7?
23
Calculate -44 - (-17 + 5 + -9) - -41.
18
Calculate -1 + -20 + 0 - (-52710 + 52584).
105
What is the value of -47 + (-43 - 25) + 74?
-41
3 - 8 - (241 + -270 - (5 - 0))
29
-135 + 368 + -278 - (1 - (0 + 12))
-34
-1 - -56 - (-215 + -89 + 329)
30
Evaluate (-4 - 11) + 11 + (46 - 57).
-15
What is the value of 7 - 4 - -4 - 7 - (61 - 21)?
-40
Calculate (22 - (-26 + (59 - 26))) + (1 - 68).
-52
Evaluate 12 - (3 - (-1 + 19 + -15 - 14)).
-2
Calculate (-17 - 1) + 15 + (-5 - 4) + (15 - 20).
-17
What is the value of -3 + 13 - (77 + -37 - 13)?
-17
Calculate (-19 - -28 - -13) + 0 + -12 + 2 - -7.
19
77 + (64 - (113 - -1))
27
Evaluate 60 + (-6 - (0 + -25)) + -50.
29
What is -17